 s(-6)?
15
Let g(a) = -41*a - 76. Give g(-2).
6
Let m(d) = d**3 + 22*d**2 + 3*d + 63. What is m(-22)?
-3
Let u(k) = -4*k**2 - k + 4. Calculate u(5).
-101
Let r(t) = t**3 + 6*t**2 - 53*t - 13. Determine r(5).
-3
Let h(o) = -o**2 + 2*o + 24. Determine h(5).
9
Let p(y) = y**3 + 16*y**2 - 20*y + 7. Determine p(-17).
58
Let k(l) = l**2 + 15*l - 16. Determine k(-16).
0
Let c(n) = 4*n**2 - 22*n + 28. Give c(4).
4
Let o(d) = -d**3 + 10*d**2 - 5*d - 12. What is o(10)?
-62
Let h(y) = -13*y - 30. Determine h(-2).
-4
Let k(l) = -10*l - 26. Calculate k(-3).
4
Let n(l) = 4*l**3 - 2*l**2 + l - 1. Calculate n(3).
92
Let u(z) = -z**3 - 7*z**2 - 12*z - 1. What is u(-4)?
-1
Let h(m) = m**3 - 6*m**2 - 7*m - 4. Give h(7).
-4
Let i(j) = 4*j + 30. What is i(-8)?
-2
Let t(i) = -i**2 + 8*i + 18. What is t(11)?
-15
Let h(m) = -9*m + 208. What is h(24)?
-8
Let g(t) = t**3 - 5*t**2 - 16*t + 11. Give g(7).
-3
Let o(t) = t**3 + 6*t**2 + t - 5. What is o(-5)?
15
Let f(q) = 6*q + 21. Calculate f(-9).
-33
Let k(z) = -2*z - 11. What is k(-6)?
1
Let n(g) = -g**2 + 10*g + 5. What is n(15)?
-70
Let a(v) = -2*v**2 + 17. Give a(-4).
-15
Let m(w) = 15*w + 192. Give m(-13).
-3
Let d(f) = -f. Determine d(8).
-8
Let g(d) = -6*d - 35. Give g(-5).
-5
Let m(o) = 3*o - 1. Determine m(-2).
-7
Let o(s) = 6*s + 2. What is o(-2)?
-10
Let n(x) = -x**3 - 9*x**2 + 12*x - 8. Calculate n(-10).
-28
Let d(s) = 35*s - 812. What is d(23)?
-7
Let z(w) = 12*w - 56. Calculate z(5).
4
Let q(n) = -2*n**3 + 11*n**2 + 4*n + 8. What is q(6)?
-4
Let n(j) = j**3 + 5*j**2 - 9*j - 7. Give n(-6).
11
Let q(f) = 2*f**2 + 2*f - 6. What is q(0)?
-6
Let m(n) = -n**3 - 6*n**2 - 5*n + 2. Calculate m(-3).
-10
Let f(r) = r**3 + 21*r**2 - 23*r - 36. What is f(-22)?
-14
Let b(t) = t**3 + 4*t**2 - 3*t + 17. Calculate b(-5).
7
Let i(x) = -3*x**3 + 3*x**2 + x + 4. Give i(3).
-47
Let s(q) = q**2 - 21*q. Calculate s(21).
0
Let p(q) = 2*q - 24. Calculate p(16).
8
Let s(z) = -z**3 - 8*z**2 + 4*z - 1. Give s(-8).
-33
Let p(n) = 3*n**3 - 6*n**2 + 4*n + 6. Give p(2).
14
Let m(q) = -q**3 - 13*q**2 - 40*q - 6. Calculate m(-8).
-6
Let w(d) = -d**3 - 35*d**2 - 96*d - 3. Determine w(-32).
-3
Let p(c) = -3*c + 2. Give p(5).
-13
Let y(c) = -c**2 - 10*c + 69. Calculate y(-12).
45
Let r(y) = -y - 21. Determine r(-13).
-8
Let r(f) = f**3 + 8*f**2 + 12*f + 63. Calculate r(-8).
-33
Let l(u) = -2*u + 9. What is l(9)?
-9
Let o(z) = -z**2 + z + 45. Give o(-6).
3
Let w(r) = r**3 + 5*r**2 + 3*r + 2. What is w(-5)?
-13
Let t(o) = 2*o**2 + 22*o + 11. Give t(-14).
95
Let i(u) = 15*u - 62. Calculate i(3).
-17
Let k(c) = -c**3 - 11*c**2 + 10*c - 28. Give k(-13).
180
Let c(h) = -h**3 - 8*h**2 + 4*h + 89. What is c(-6)?
-7
Let t(q) = q**3 - 7*q**2 - 2*q - 53. What is t(8)?
-5
Let m(d) = -d**3 - 6*d**2 + 3*d + 9. Calculate m(-6).
-9
Let u(t) = -5*t**3 + 2*t**2 - 5*t + 5. What is u(2)?
-37
Let n(w) = -w**2 - 17*w + 13. Calculate n(0).
13
Let x(i) = i**2 + 13*i + 20. Give x(-10).
-10
Let v(b) = -2*b**2 + 12*b - 3. What is v(5)?
7
Let k(m) = -m**2 - 7*m + 1. Determine k(8).
-119
Let g(a) = 11*a + 8. Calculate g(2).
30
Let r(l) = l - 8. Give r(-4).
-12
Let o(i) = i**2 - 10*i - 6. Calculate o(6).
-30
Let g(k) = -6*k + 6. Give g(4).
-18
Let l(t) = -t**3 + 7*t**2 - 6*t - 3. What is l(5)?
17
Let n(j) = 2*j**3 - j**2 + j + 1. What is n(-2)?
-21
Let j(x) = x**2 + 6*x - 7. Give j(-9).
20
Let p(v) = -2*v**3 - 2*v**2 - 2*v - 1. Determine p(0).
-1
Let t(d) = -8*d + 45. Determine t(-2).
61
Let o(h) = -h**3 - 2*h**2 - 6*h - 6. Give o(-4).
50
Let l(y) = -8*y**2 + 87*y + 4. Calculate l(11).
-7
Let r(y) = 2*y**3 + 3*y**2 - y + 6. Determine r(-3).
-18
Let m(u) = -2*u**3 - 5*u**2 - 4*u + 7. What is m(-3)?
28
Let d(t) = t**3 + 2*t - 10. What is d(0)?
-10
Let z(f) = f**2 - 14*f - 35. What is z(17)?
16
Let m(a) = -9*a**3 + 3*a**2 - 1. Give m(1).
-7
Let x(m) = -m**3 - 10*m**2 - 5*m - 349. Calculate x(-12).
-1
Let h(x) = 2*x**3 + x**2 - 4*x + 3. What is h(1)?
2
Let b(f) = 4*f**2 + 44*f - 4. Give b(-11).
-4
Let w(q) = -q - 8. Give w(-10).
2
Let t(p) = p**2 - 9*p + 12. Determine t(8).
4
Let r(j) = -2*j + 26. Determine r(11).
4
Let k(v) = -v**3 + 7*v**2 - v. Determine k(5).
45
Let r(v) = 7*v + 262. Give r(-36).
10
Let g(j) = -j**2 + 7*j - 1. What is g(8)?
-9
Let x(v) = -v**3 - 11*v**2 + 12*v + 6. What is x(-12)?
6
Let j(b) = b + 3. Calculate j(1).
4
Let m(l) = -l**3 - 14*l**2 - l + 1. What is m(-14)?
15
Let m(a) = -a**2 + 2*a + 27. Give m(6).
3
Let a(g) = 3*g**2 + 53*g - 11. Calculate a(-18).
7
Let u(b) = 29*b + 267. Calculate u(-9).
6
Let g(o) = -8*o - 1. Calculate g(4).
-33
Let w(r) = -3*r**3 - 3*r**2 - r - 1. Determine w(-2).
13
Let o(m) = -m**3 - 6*m**2 - 7*m + 2. What is o(-5)?
12
Let s(z) = z**2 + 4*z - 5. Calculate s(-4).
-5
Let p(x) = -x + 1. Give p(-7).
8
Let f(r) = -r**3 - 2*r**2. Give f(2).
-16
Let t(a) = 35*a + 150. Calculate t(-5).
-25
Let k(z) = z**3 - z**2 - 7*z + 4. Calculate k(3).
1
Let o(v) = v**3 + 6*v**2 + 2*v + 4. What is o(-3)?
25
Let v(q) = -2*q**2 + 18*q + 51. Calculate v(15).
-129
Let j(r) = 3*r**2 - 6*r - 4. Give j(3).
5
Let y(k) = 4*k**2 - 2*k + 3. What is y(3)?
33
Let t(c) = c**2 - 11*c - 20. Determine t(13).
6
Let w(z) = -56*z - 499. What is w(-9)?
5
Let m(i) = -2*i**2 - 6*i + 6. Determine m(-5).
-14
Let s(c) = c - 18. Give s(14).
-4
Let n(u) = -3*u**2 + 9*u + 9. What is n(3)?
9
Let h(a) = -a**3 - 5*a**2 + 5*a - 9. Give h(-6).
-3
Let v(c) = 2*c**3 + 2*c**2 - 2*c - 2. Give v(2).
18
Let n(u) = u**3 - 8*u**2 + 8*u - 2. Determine n(7).
5
Let u(g) = g**3 - 17*g**2 - 1. Give u(17).
-1
Let n(k) = -k**3 + 9*k**2 + 11*k - 9. Calculate n(10).
1
Let z(y) = -13*y**3 - 77*y**2 + 7*y + 4. Calculate z(-6).
-2
Let c(f) = 7*f + 1. What is c(0)?
1
Let f(x) = -x**3 + 6*x**2 + 9*x - 26. Calculate f(7).
-12
Let q(c) = -c**3 + 19*c**2 + 3*c - 41. What is q(19)?
16
Let l(i) = -i + 4. Give l(7).
-3
Let h(u) = 6*u - 64. Determine h(11).
2
Let l(j) = j + 6. Calculate l(-6).
0
Let t(i) = i**2 + i + 10. Calculate t(0).
10
Let s(d) = d**3 - 7*d**2 + 8*d - 19. Determine s(6).
-7
Let j(d) = -d**3 - 8*d**2 - 12*d - 1. What is j(-6)?
-1
Let z(f) = f**3 + 5*f**2 - 9*f + 4. What is z(-7)?
-31
Let u(i) = -2*i + 26. What is u(12)?
2
Let s(h) = -2*h**3 + 11*h**2 + 6*h + 4. Calculate s(6).
4
Let z(y) = -11*y. Give z(-5).
55
Let t(j) = -42*j - 255. Give t(-6).
-3
Let b(l) = -l**3 - l - 5. What is b(0)?
-5
Let p(c) = -c**2 - 8*c + 12. Determine p(-13).
-53
Let v(m) = 29*m**2 + 86*m - 2. Calculate v(-3).
1
Let l(g) = -2*g**2 + 15*g - 27. Give l(10).
-77
Let t(g) = 35*g**2 - 2*g - 3. Determine t(-1).
34
Let z(x) = 49*x**2 - 3*x. Give z(-1).
52
Let i(b) = -b + 19. Calculate i(16).
3
Let p(k) = -4*k + 52. Give p(15).
-8
Let x(w) = -4*w - 28. Calculate x(-8).
4
Let h(t) = -t**3 + 6*t**2 + 6*t + 16. Determine h(6).
52
Let j(v) = 2*v - 4. What is j(-8)?
-20
Let w(b) = 11*b**3 - 1. What is w(-1)?
-12
Let s(p) = -8*p - 1. What is s(5)?
-41
Let v(o) = o**2 - 13*o + 18. Calculate v(12).
6
Let v(l) = -l**3 - 13*l**2 + 17*l - 6. Give v(-14).
-48
Let m(b) = b**2 - 19*b + 28. What is m(12)?
-56
Let s(u) = 5*u + 1. Give s(-2).
-9
Let y(i) = -i**2 + 3*i + 101. Determine y(-8).
13
Let y(g) = g**3 - 10*g**2 - 3*g + 20. What is y(10)?
-10
Let f(k) = -k - 8. Give f(-8).
0
Let k(b) = -b**2 + 7*b - 12. Calculate k(9).
-30
Let j(z) = 2*z - 13. Give j(6).
-1
Let k(r) = r**2 + 4*r - 9. What is k(-6)?
3
Let m(f) = 96*f**2 + f + 1. What is m(1)?
98
Let l(v) = -v**2 + 9*v + 69. Calculate l(15).
-21
Let d(n) = -n**3 - 11*n**2 - 13*n + 5. Determine d(-10).
35
Let t(j) = 2*j**2 + 7*j - 90. Determine t(6).
24
Let x(k) = -8*k + 13. Calculate x(6).
-35
Let v(x) = x**2 + 10*x - 56. Give v(-11).
-45
Let z(b) = b**3 - 9*b**2 - 10*b + 9. Determine z(10).
9
Let g(z) = -z**3 - 12*z**2 + 11*z - 21. Determine g(-13).
5
Let x(w) = -2*w - 16. Calculate x(-10).
4
Let t(a) = a**2 - 9*a + 7. Calculate t(6).
-11
Let b(x) = -x**2 - 8*x - 2. Give b(-7).
5
Let y(m) = -2*m + 37. Determine y(19).
-1
Let n(x) = x**3 - 9*x**2 + 8*x + 1. Determine n(8).
1
Let r(c) = 63*c - 179. Calculate r(3).
10
Let y(q) = 2*q**3 + 5*q**2 - q - 7. Give y(-4).
-51
Let i(j) = -j**2 - 12*j + 4. What is i(-12)?
4
Let v(y) = -y**2 + 3*y. Give v(0).
0
Let z(m) = -m + 16. Determine z(3).
13
Let f(z) = z**2 - 8*z - 10. Give f(12).
38
Let w(c) = c**2 - 7*c + 5. Determine w(4)